eatest common factor of b and 4?
4
Let y = 144 + -69. What is the highest common factor of y and 25?
25
Suppose -5*k - 16 = 3*r, -1 - 1 = 5*r - 4*k. Let c be 6/((r - -5)/60). Suppose 6*a - c = 2*a. What is the highest common divisor of 75 and a?
15
Let m be (-27)/(-6) - 1/2. Suppose 160 = 4*s - s - 4*w, -112 = -2*s + m*w. Let n be (-8)/(2 + (-27)/12). Calculate the highest common factor of n and s.
16
Suppose 247 = 6*n - 131. Suppose 2*i + i - 27 = 0. What is the highest common factor of n and i?
9
Let d(x) = 7*x**2 - 2*x + 1. Let u be d(1). Let p be (1 - -1) + -1 + 2. Calculate the highest common divisor of p and u.
3
Suppose j - 100 + 28 = 0. Let s(x) = x**3 + x**2 - x - 1. Let f be s(2). What is the greatest common divisor of j and f?
9
Suppose 0 = 4*t - 0*t - 2*n - 720, -5*t = 5*n - 915. Suppose 5*c - t = 119. Calculate the greatest common divisor of c and 12.
12
Suppose 0*q = -q + 3. Suppose 3*h + q*y - 201 = 0, -h = -8*y + 4*y - 92. Calculate the greatest common divisor of h and 18.
18
Suppose 0 = 31*a - 28*a - 42. Calculate the greatest common factor of a and 63.
7
Let o be ((-68)/3 - 8/24)*-1. Calculate the greatest common divisor of o and 69.
23
Let x = -31 - -52. What is the highest common divisor of x and 21?
21
Let v(g) = -30 + 75 - 2*g**2 + 109 + 3*g**2. Let l be v(0). What is the highest common factor of 14 and l?
14
Suppose -77 - 51 = -2*h. Let g(y) = 2*y - 10. Let a be g(9). What is the highest common divisor of a and h?
8
Let a = -5 - -8. Suppose a*b - 20 = 1. Let v = 23 - 9. Calculate the highest common divisor of v and b.
7
Let p be 3/5 - 22/(-5). Let a(r) = 2*r**3 - 5*r**2 - 6*r + 4. Let y be a(p). Calculate the greatest common divisor of y and 11.
11
Let x be 5 - 4 - (-1 + 1). Let v(l) = -l**2 + 2. Let w(y) = y + 8. Let r be w(-8). Let g be v(r). What is the highest common divisor of g and x?
1
Let l = 16 + 2. What is the greatest common divisor of l and 144?
18
Let g(d) = -2*d - 5. Let q be g(-4). Suppose -3*i + q = -2*p, 0*i + i - 3 = 0. Let l be (-4)/p*(-3 + -9). What is the highest common divisor of l and 128?
16
Suppose -329 = -8*k + k. Calculate the highest common factor of 376 and k.
47
Suppose 5*u - 23 = -0*w + 2*w, -5*u - 4*w - 1 = 0. What is the highest common factor of 6 and u?
3
Let a be 15/(-5) - 12/(-1). What is the highest common divisor of 99 and a?
9
Let r(f) = -52*f + 2. Let q be r(2). Let m be (-1)/(2/q) + -1. Calculate the highest common divisor of m and 20.
10
Let k be 29 + 1 + (0 - -1). What is the greatest common factor of k and 341?
31
Suppose -4*y + 52 = 8. Calculate the greatest common divisor of y and 99.
11
Suppose -4*j - 3*j = -84. Suppose 3*c = -2*c. Suppose -x + 3*x + 10 = c, 3*x - 5 = -5*g. Calculate the greatest common factor of g and j.
4
Let i(y) = y + 6. Suppose 0*j + 5*j = 0. Let r be i(j). Let z be (2 - 2) + 1*2. Calculate the highest common factor of r and z.
2
Suppose -6*x = -x - h - 74, -2*x + 3*h + 40 = 0. Let j be x + -2 + -5 + 2. What is the highest common factor of 9 and j?
9
Suppose 1 = -c - 3. Let w be 6/24 - (-1)/c. Suppose w = 3*p - 0*p - 120. What is the greatest common factor of p and 5?
5
Suppose 3*k = -12, 4*n + 2*k - 4 = -0*k. Suppose 54 + 6 = n*x. Let y = x + 6. What is the greatest common factor of y and 65?
13
Let x = -2 + 5. Let u = 10 + -5. Suppose 4*r = -2*f, -r = 2*r + u*f + 7. What is the greatest common divisor of r and x?
1
Let j be 2/3*72/16. Suppose 3*n = 2*m - 161, 0 = -3*n + j - 12. What is the greatest common factor of m and 19?
19
Let r(h) = -4*h - 8. Let s be r(-7). What is the highest common divisor of s and 30?
10
Let c(m) = -m**3 - 16*m**2 + 15*m - 2. Let r be c(-17). Let w = 102 - 54. Calculate the greatest common divisor of w and r.
16
Let g(i) = i**2 - i + 55. Let y be g(0). Let o be (-4)/(-2)*(-50)/(-4). Let r = y - o. What is the greatest common factor of r and 75?
15
Suppose -4*s + 9*s - 46 = -x, 0 = s - 5. Calculate the highest common divisor of x and 14.
7
Suppose -57 - 28 = -j - 5*s, 0 = 2*j - 2*s - 194. Calculate the highest common factor of j and 19.
19
Let c be 1 - -2 - (-1 + -2 + 4). Calculate the highest common divisor of c and 2.
2
Suppose -3*z - 2*p + 206 = 0, -4*z + 5*z + p - 68 = 0. Let w be (-2*(-7)/5)/((-41)/(-205)). What is the greatest common divisor of w and z?
14
Suppose -7*x + 5*x = -52. Let b(n) = -6*n + 8. Let w be b(-3). What is the highest common divisor of w and x?
26
Let m(c) be the third derivative of c**4/24 + 7*c**3/6 + 11*c**2. Let s = 14 + -8. Let x be m(s). Calculate the greatest common factor of 104 and x.
13
Let p(o) = -o**3 + 24*o**2 + 10. Let d be p(24). Let s(v) = -v**3 + 6*v**2 + 2. Let r be s(6). What is the highest common divisor of r and d?
2
Let d(m) = m**3 + m**2 + 2*m + 24. Let s be d(0). Suppose 3*c - 60 = 2*c. Calculate the greatest common factor of c and s.
12
Let o(r) = 2*r**2 - 3*r - 1. Let q be o(3). Suppose 0*d - 4*d = -4. Let j = 15 + d. What is the greatest common factor of j and q?
8
Let w = -56 - -61. Calculate the highest common factor of w and 5.
5
Suppose -2*g + 132 = 4*g. What is the greatest common factor of 44 and g?
22
Suppose 0 = -z - 2*z - 6. Let u = 7 - z. Let g be 0 + 1 - (-21 - -4). Calculate the greatest common factor of u and g.
9
Let f be ((-46)/(-115))/(2/80). Let n be 2*(0 + 1/(-2)). Let g be n + 1 + -2 + 146. What is the greatest common divisor of g and f?
16
Suppose -2*v - 5*g - 15 = 0, 0*g + 40 = 5*v - 3*g. Let n be 3/3*20/v. What is the highest common divisor of n and 20?
4
Let b(d) = -d**2 + 18*d + 3. Let r be b(17). What is the greatest common factor of 5 and r?
5
Let n = -29 - -30. Calculate the greatest common factor of 9 and n.
1
Let h(s) be the third derivative of -s**6/120 - s**5/10 + 5*s**4/24 - 5*s**3/6 + 5*s**2. Let x be h(-7). Calculate the highest common factor of x and 9.
9
Let f(o) = -o**3 - 3*o**2 + 7*o + 1. Suppose -2*s - 3*s = 25. Let k be f(s). What is the greatest common divisor of k and 8?
8
Suppose 5*c - 80 = -5*x, -x - c + 4*c + 32 = 0. Suppose -4*h = n + 11, 2*n + 0*h - 2 = -2*h. What is the greatest common divisor of x and n?
5
Suppose 2*k = 4*g - 46, -3*g + 17 = -2*g + 5*k. Suppose -g*x + 7*x = -180. Calculate the greatest common factor of x and 4.
4
Let m(c) = -c**2 + 9*c + 16. Let u be m(8). Calculate the highest common divisor of 24 and u.
24
Let m(k) = k**2 + 4*k + 7. Let h be m(-5). What is the highest common factor of 24 and h?
12
Let b(q) = 2*q - 3. Let r be b(-3). Let y = 19 + r. Let n be 318/4 + (-1)/(-2). What is the greatest common factor of n and y?
10
Let f(c) = -c + 3 - c**2 + 0 - 7*c. Let d be f(-7). What is the highest common factor of d and 40?
10
Suppose 4*j = 2*n - 4*n + 16, -22 = -j - 5*n. Let b be -3*j/(-6) + 20. Calculate the greatest common factor of b and 7.
7
Let s(b) = -b**3 - 7*b**2 - 8*b + 4. Let f be s(-6). Suppose -3*a = 3*i - 9, 2*i - f = -2*i - 3*a. Calculate the greatest common factor of i and 49.
7
Suppose 2*t = -8, 5*t + 7 = -y - 10. Suppose y*b - 25 = 32. Let x(d) = 3*d**2 + d. Let w be x(6). Calculate the highest common divisor of b and w.
19
Suppose 3*s = 2*s + 4. Calculate the greatest common divisor of 36 and s.
4
Suppose 7*l - l - 90 = 0. Calculate the greatest common divisor of l and 75.
15
Let a be (-1)/1 + -1 - 11. Let u = -9 - a. Let y be (u/(-6))/((-2)/42). What is the greatest common factor of 154 and y?
14
Let m(k) be the first derivative of 15*k**2 + 7*k + 1. Let i be m(6). Suppose s - 5 = 3*n, s - 3*s + 22 = -3*n. What is the greatest common divisor of i and s?
17
Let x be (10*-6)/(12/(-8)). What is the highest common factor of 10 and x?
10
Suppose 0 = 4*h - 17 - 3. Suppose -4*a - h + 13 = 0. What is the greatest common factor of a and 2?
2
Let j(i) = -2*i**3 - 6*i**2 - 2*i + 1. Let f be j(-4). Let h = f + 29. What is the greatest common divisor of 10 and h?
10
Let v be 24/64 - (-2173)/8. Calculate the greatest common factor of v and 17.
17
Suppose 2*j - 2 = 26. What is the highest common divisor of 14 and j?
14
Suppose 0 = 4*z - 11 - 5. Let x = 70 - 38. Calculate the greatest common divisor of x and z.
4
Suppose 7*c - 110 = 2*c. Calculate the greatest common factor of c and 66.
22
Let z = -35 - -63. Calculate the highest common divisor of z and 14.
14
Suppose -3*h = -548 + 152. Let m be 1 + 